
True
Does 300 divide 520212900?
True
Is 60 a factor of 621252960?
True
Is 1409809914 a multiple of 101?
True
Does 14 divide 27065164?
True
Does 27 divide 1961437778?
False
Is 600736620 a multiple of 110?
True
Is 73 a factor of 2795316?
True
Does 37 divide 11562056?
True
Is 211744222 a multiple of 6282?
False
Is 2582 a factor of 673882653?
False
Does 47 divide 1372898529?
True
Is 16 a factor of 810128621?
False
Is 142 a factor of 58407656?
False
Is 10 a factor of 150850329?
False
Is 335031380 a multiple of 18?
False
Is 315046136 a multiple of 246?
False
Does 17 divide 102692487?
False
Is 491204506 a multiple of 24?
False
Is 122325609 a multiple of 1267?
False
Is 41 a factor of 62424590?
False
Is 2542982015 a multiple of 35?
True
Does 23 divide 3451916445?
False
Does 55 divide 70919015?
False
Is 435 a factor of 33211815?
True
Does 1114 divide 179581245?
False
Is 287 a factor of 5312041?
False
Is 1201779605 a multiple of 823?
False
Does 126 divide 4142698?
False
Is 174 a factor of 46186212?
True
Is 19 a factor of 494590918?
False
Is 77508799 a multiple of 16?
False
Is 174777220 a multiple of 3620?
True
Does 4121 divide 146854090?
False
Is 114 a factor of 31681288?
False
Is 54542316 a multiple of 6?
True
Does 6 divide 26790852?
True
Is 12004110 a multiple of 10?
True
Does 1045 divide 205558930?
False
Does 2732 divide 249797688?
True
Is 1884977 a multiple of 44?
False
Is 37418934 a multiple of 35?
False
Is 20765831 a multiple of 529?
False
Does 2007 divide 35967673?
False
Does 10 divide 193787910?
True
Is 3323042199 a multiple of 249?
True
Is 6 a factor of 22425102?
True
Is 90 a factor of 1079058690?
True
Does 2391 divide 413855543?
False
Does 22 divide 6296891?
False
Is 973066469 a multiple of 8077?
False
Does 18 divide 551310987?
False
Does 1497 divide 388004436?
True
Does 5 divide 118454265?
True
Is 14893417 a multiple of 46?
False
Does 91 divide 536290846?
True
Is 2595 a factor of 24235163?
False
Is 170 a factor of 571678529?
False
Does 18 divide 6285413?
False
Is 114 a factor of 3889352250?
True
Does 21 divide 516925568?
False
Does 2184 divide 69853056?
True
Does 178 divide 91876124?
True
Is 5 a factor of 143089066?
False
Is 725892600 a multiple of 89?
False
Is 579 a factor of 1306348485?
True
Is 46 a factor of 37610249?
False
Does 290 divide 23131051?
False
Is 65 a factor of 466457810?
True
Is 3829962544 a multiple of 4792?
False
Does 634 divide 266735?
False
Is 386 a factor of 492767223?
False
Is 160323748 a multiple of 494?
True
Is 40 a factor of 1441815376?
False
Is 18146304 a multiple of 396?
True
Is 1117220780 a multiple of 8060?
True
Is 551 a factor of 27227114?
True
Is 138434452 a multiple of 13?
True
Is 162317477 a multiple of 97?
False
Is 108145398 a multiple of 17?
True
Does 535 divide 22475885?
True
Is 9 a factor of 608848956?
True
Does 32 divide 17845504?
True
Is 38339714 a multiple of 13?
False
Is 12 a factor of 11043111?
False
Is 21 a factor of 149918097?
True
Is 122254703 a multiple of 3596?
False
Is 2188879 a multiple of 49?
True
Is 30 a factor of 2651568090?
True
Does 30 divide 7127984?
False
Is 34 a factor of 1634580857?
False
Does 532 divide 608609393?
False
Is 12 a factor of 11684148?
True
Is 7186411 a multiple of 630?
False
Does 283 divide 9931012?
False
Is 57 a factor of 1067212455?
False
Is 3778488 a multiple of 6?
True
Does 26 divide 8826506?
True
Is 2096 a factor of 153557109?
False
Is 11343152 a multiple of 16?
True
Is 3036 a factor of 1197999528?
True
Does 142 divide 454585168?
True
Does 241 divide 1029599477?
True
Is 2065 a factor of 267568245?
True
Does 8 divide 102004417?
False
Does 225 divide 83981250?
True
Does 16 divide 820394502?
False
Is 75 a factor of 5705237?
False
Does 405 divide 22051845?
True
Does 363 divide 35889143?
False
Is 37 a factor of 119392138?
False
Is 33 a factor of 270012402?
True
Does 9 divide 52621758?
True
Is 32 a factor of 38460128?
True
Is 589 a factor of 3764536?
False
Is 429535082 a multiple of 127?
True
Is 24770510 a multiple of 11?
False
Does 59 divide 274873334?
False
Does 74 divide 28035936?
True
Is 787440 a multiple of 17?
True
Is 31 a factor of 3839028?
False
Is 6775603 a multiple of 15?
False
Is 86606950 a multiple of 10?
True
Is 19 a factor of 248386363?
False
Is 35210820 a multiple of 60?
True
Is 19 a factor of 2021293720?
True
Is 203280510 a multiple of 351?
False
Is 735215641 a multiple of 37?
True
Does 682 divide 454075320?
False
Is 774 a factor of 67109878?
False
Is 4603810 a multiple of 151?
False
Is 94337548 a multiple of 132?
False
Is 61634258 a multiple of 308?
False
Is 144812562 a multiple of 430?
False
Is 61021723 a multiple of 1028?
False
Does 14 divide 27443724?
True
Is 2324385684 a multiple of 595?
False
Does 174 divide 105376314?
True
Is 2009 a factor of 704162536?
True
Is 113725032 a multiple of 14?
False
Does 127 divide 14102334?
True
Is 1172 a factor of 28030724?
True
Is 19516329 a multiple of 13?
False
Is 52 a factor of 3022492191?
False
Does 457 divide 75653151?
True
Does 571 divide 203668291?
False
Does 26 divide 72541456?
True
Is 364 a factor of 72852718?
False
Is 11 a factor of 12140877?
False
Does 14 divide 157963343?
False
Is 375768272 a multiple of 13?
False
Is 7798625 a multiple of 25?
True
Is 146221441 a multiple of 3?
False
Is 2479 a factor of 1781951129?
False
Is 118167818 a multiple of 58?
False
Is 1167 a factor of 153930759?
False
Does 25 divide 19149325?
True
Is 3453742 a multiple of 118?
True
Is 430 a factor of 183550660?
True
Does 217 divide 8635298?
True
Is 116900770 a multiple of 3?
False
Does 37 divide 53036345?
False
Does 1924 divide 1766485598?
False
Is 300 a factor of 44971949?
False
Is 2447091304 a multiple of 3997?
True
Does 12318 divide 509114081?
False
Is 158313163 a multiple of 44?
False
Does 13 divide 57335289?
False
Is 277 a factor of 2963069?
True
Is 14 a factor of 9346806?
True
Is 101 a factor of 12329414?
False
Is 13 a factor of 6467617?
True
Is 26 a factor of 145903393?
False
Does 2 divide 6592272?
True
Does 36 divide 68242968?
True
Does 1780 divide 17881880?
True
Is 3735206 a multiple of 334?
False
Does 8203 divide 2351195839?
False
Is 191 a factor of 82946334?
True
Is 219677430 a multiple of 105?
True
Does 1132 divide 36120988?
True
Is 700 a factor of 2154445663?
False
Is 874 a factor of 77089432?
False
Is 45 a factor of 3654390?
False
Is 1207882511 a multiple of 7601?
True
Is 1083 a factor of 11031438?
True
Does 3709 divide 329247930?
True
Is 946240294 a multiple of 524?
False
Is 2631948768 a multiple of 27?
True
Is 8869377 a multiple of 677?
True
Is 746047484 a multiple of 307?
False
Is 76 a factor of 60654923?
False
Does 188 divide 16525388?
True
Is 3103622053 a multiple of 9553?
False
Does 7 divide 6849742?
False
Is 2833617085 a multiple of 3958?
False
Is 60 a factor of 3859797780?
True
Does 31 divide 287453968?
False
Is 1179 a factor of 646172172?
True
Does 5228 divide 378814319?
False
Does 3732 divide 218386145?
False
Is 82116961 a multiple of 38?
False
Is 190 a factor of 25111540?
True
Does 72 divide 2656097244?
False
Does 155 divide 234359380?
True
Is 17 a factor of 57948937?
True
Is 598466781 a multiple of 6563?
False
Is 6833879959 a multiple of 6527?
True
Is 218 a factor of 202443956?
True
Is 24925885 a multiple of 23?
False
Is 325452694 a multiple of 434?
True
Does 7 divide 107985935?
False
Is 248 a factor of 5253592568?
True
Is 132 a factor of 222027036?
True
Is 78 a factor of 155221092?
True
Does 54 divide 37243530?
True
Does 534 divide 1425771990?
True
Does 5 divide 55170320?
True
Is 2666 a factor of 376623154?
True
Is 266 a factor of 657893810?
True
Does 382 divide 890926070?
False
Does 24 divide 65507112?
True
Does 365 divide 28842440?
False
Does 15 divide 25077671?
False
Is 703810000 a multiple of 100?
True
Is 170196026 a multiple of 1963?
True
Is 679 a factor of 39320890?
True
Is 927501596 a multiple of 7?
True
Does 655 divide 2646289735?
True
Is 45762071 a multiple of 20?
False
Does 1768 divide 50927949?
False
Does 532 divide 7733684?
True
Does 3 divide 8768793?
True
Does 2384 divide 1794355932?
False
Is 46 a factor of 28496310?
True
Does 557 divide 141387044?
False
Is 40488406 a multiple of 168?
False
Is 138 a factor of 9724584?
True
Is 315 a factor of 643247640?
True
Does 10 divide 520426874?
False